e hundreds digit of (5/(-20))/((-6)/16) + (-17915)/(-15)?
1
Suppose -121146 = -3*r + 4*q - 502, 2*r - q = 80426. What is the units digit of r?
2
Suppose -57*m - 16 = -49*m. Let y(h) = -138*h + 24. What is the tens digit of y(m)?
0
Suppose 1175 + 3535 = -6*c. Let y = 1137 + c. What is the tens digit of y?
5
Let y = -18 - 43. Let z = -143 - y. Let c = z + 187. What is the units digit of c?
5
Suppose 0 = -4*y + 8*y - 2*g - 244, y = -4*g + 61. Let j(w) = y*w - 240 + 240. What is the units digit of j(3)?
3
What is the hundreds digit of 1492/(-32*17/(-476)*2/8)?
2
Suppose -32*r = -711*r + 12119192 + 9566710. What is the thousands digit of r?
1
What is the hundreds digit of ((-26)/(-26))/(1/5455)?
4
Suppose -3*b + 3*j = -39, -50 = -2*b - 3*j - j. Let c(w) = 22*w - 2. Let u be c(b). Suppose 0 = -3*q - 27 + u. What is the hundreds digit of q?
1
Let q(h) = -983*h + 679. What is the tens digit of q(-8)?
4
What is the thousands digit of 40054/17 + (-138)/1173?
2
What is the thousands digit of 1 - -20386 - -6*(6 + 350/(-60))?
0
Suppose 0 = -3*i + 4*i. Let h(r) = 6 - 2*r + i + 4. What is the units digit of h(3)?
4
Suppose 678874 + 536378 = 18*p. What is the tens digit of p?
1
Suppose -4707 = 41*x - 44*x. Suppose -8*d = -x - 2111. What is the hundreds digit of d?
4
Let y = -48481 - -75268. What is the ten thousands digit of y?
2
Let t(v) = -v**3 + 3*v + 168. Let j be (-2)/(((-7)/(-21))/((-2)/6)). Suppose 5*k + 0 = 4*n - 4, 0 = j*k - n + 1. What is the hundreds digit of t(k)?
1
Let g(r) = 3*r**2 + 89*r - 1280. What is the hundreds digit of g(40)?
0
Suppose 4*c = -2*o + 4806, -2*o + c - 416 = -5247. Suppose -1320 = -2*d - 4*h - 120, 5*h = 4*d - o. What is the hundreds digit of d?
6
Let x = -15278 - -23924. What is the units digit of x?
6
What is the units digit of 5024*(5/((-280)/(-16)) + 278/56)?
6
Let j(m) = 96*m**2 - 15*m - 10. Let a be j(-4). Let i = a + -793. What is the tens digit of i?
9
Let h = -537 - -549. Suppose -h*n = -6*n - 4302. What is the hundreds digit of n?
7
Suppose -108*i + 196*i - 369512 = 0. What is the hundreds digit of i?
1
Let d = -38 + 44. Let k be (24/(-60))/(d/(-5385)). Let b = k + -247. What is the tens digit of b?
1
Suppose -27251 = 5*l - 10*l + 117169. What is the hundreds digit of l?
8
Let g be (-9 - 6/(-2))/(-1 - -3). What is the hundreds digit of g - (1 - 4) - -592?
5
Suppose 2*i - 5 = -5*s + 3*i, 4*s - 33 = -5*i. Suppose s*t - 10 = 7*t. What is the hundreds digit of (21/(-4))/(t/(-112)*-2)?
1
Let s(x) be the third derivative of 27*x**4/8 - 29*x**3/3 - 108*x**2. What is the units digit of s(9)?
1
Let p be 2/8 - 196/16. Let r be (-13 - p)/((-2)/(-194)). What is the tens digit of 3 + 1 - (5 + r)?
9
Let p(m) = 115*m**3 + 2*m**2. Let y(u) be the first derivative of -u**3/3 + 6*u**2 - 19*u + 36. Let r be y(10). What is the tens digit of p(r)?
1
Suppose u + 4*g = 20, -4*g = 2*u - 3*g - 5. Suppose 0 = 5*t + 2*n - 134, u*n - 2 = -n. What is the tens digit of t?
2
Let x(q) = 17 + 27*q - 51*q - q**3 - 5*q**2 + 22*q. What is the tens digit of x(-7)?
2
Let l be 1/(-2) + (-21)/(-6). Let q = 421 - 157. Suppose l*i = -5*i + q. What is the tens digit of i?
3
Let v(k) = k**3 - 20*k**2 + 20*k - 16. Let t be v(19). Suppose 0 = 5*n + t*z - 32, 0 = 5*z - 2*z - 12. What is the tens digit of (44 - (n + -3)) + 0?
4
Let m be 55/5 - 20 - 22. Let l(r) = 21*r + 328. Let i(b) = -5*b - 82. Let a(d) = 9*i(d) + 2*l(d). What is the tens digit of a(m)?
1
Let f = 4011 - -1959. What is the units digit of f?
0
Suppose 8015 = 160*t - 153*t. What is the units digit of t?
5
Suppose 4*c + 15423 = 3*q - 4039, -3*c - 12976 = -2*q. What is the tens digit of q?
8
Suppose -4*o - 239 + 687 = 0. Let c = -116 + o. What is the tens digit of ((-7250)/35)/(-5) - c/7?
4
Let p(g) be the second derivative of -5*g**3/2 - 14*g**2 - g - 40. Suppose 0 = -3*t - 11 - 4. What is the tens digit of p(t)?
4
Suppose -j = 4*d - 146987, 57996 = -3*d - 5*j + 168232. What is the units digit of d?
7
Suppose 0 + 27 = 3*y. Let k be y/(-3) + (2 - 0) + 178. Let r = k + -42. What is the hundreds digit of r?
1
Let b = -616 + 642. Suppose 0 = -b*y + 38034 - 5638. What is the tens digit of y?
4
Suppose -l = -2*q - 7396, 3*q = 182*l - 183*l + 7371. What is the hundreds digit of l?
3
Suppose 0 = 5*u - 0*u - 4445. Let d = u - 450. What is the units digit of d?
9
Suppose -47827 = -17*d - 20130 + 32891. What is the tens digit of d?
6
Suppose -9*b - 345 = 1815. Let d = 386 + b. What is the tens digit of d?
4
Suppose 0*v - 2*v = 714. Let l = v + 522. Suppose -l - 453 = -6*b. What is the units digit of b?
3
Suppose -8*a = 2*j - 13*a - 31, -20 = 4*a. Suppose -7*l + g = -2*l - 3333, -j*l + 2*g = -1997. What is the tens digit of l?
6
Let u(y) = -3*y**2 - 22*y**2 - y**3 + 3 - 4 + 0 - 18 - 7*y. What is the hundreds digit of u(-25)?
1
Suppose 3*p = -3*x - 6 - 0, x = 2*p + 10. Let b be (22/8 - 2)/(p/80). Let h(j) = -9*j - 4. What is the tens digit of h(b)?
3
Let y = 28 - 185. Let d = y + 295. What is the units digit of d?
8
Suppose 0*x = -4*x + 16. Suppose -2*m - x*o = 2*m - 376, 2*m - o - 200 = 0. What is the tens digit of m?
9
Let j = 51 - 48. Let k be ((-397)/j)/(3/(4 - 13)). Let n = k + -281. What is the units digit of n?
6
Suppose -2*d - 9 = -5*a, 0 = 5*d - 4*a + a - 6. Let v(n) = 340*n - 4. What is the tens digit of v(d)?
1
Let p(t) = 14*t**2 + 379*t - 359. What is the thousands digit of p(-75)?
9
Suppose 3*p + 159 = 2*r - 93, 2*r = 5*p + 256. Let q = 178 - r. What is the units digit of q?
5
Let w = -2067 + 5505. Suppose n + w = 7*n. What is the tens digit of n?
7
Let x be -9*5*(-24)/36. Suppose 2*g - 16 = x. What is the tens digit of g?
2
Suppose -498*q - 287870 = -276*q - 244*q. What is the thousands digit of q?
3
Let v(k) = -11*k**2 - 10*k - 36. Let h(c) = 4*c**2 + 3*c + 12. Let m(g) = -8*h(g) - 3*v(g). Let d be m(-5). What is the tens digit of (-3)/d - 4464/(-28)?
5
Suppose -4*w + 672 = -6*w. Let j = 53 - w. Let b = j + -245. What is the hundreds digit of b?
1
Let p be 21190/(30/6) + -2. Suppose -3*j - 3*j = -p. What is the units digit of j?
6
Let d(t) = t**3 - 34*t**2 - 54*t + 722. What is the hundreds digit of d(38)?
4
Let u(m) = 19*m**3 + m + 2. Let h be u(-1). Let p(i) = i**3 + 19*i**2 + 21*i + 29. Let f be p(h). Let d = 54 + f. What is the tens digit of d?
2
Let a = -86 + 86. Suppose -2835 = -3*g + 3*p, 0 = -2*g - a*g - p + 1887. What is the hundreds digit of g?
9
Let w(n) = -n**2 - n + 12. Let u be w(3). Let p(a) = 2*a**3 - a - 15. Let o be p(u). What is the hundreds digit of (0 - o/20)*340?
2
Suppose -61697 + 87422 = 6*l - 169767. What is the thousands digit of l?
2
Suppose 0*h - 14 = 2*h. Let g(o) = -1 + 22*o + 5 - 8*o - 8*o - 20*o. What is the hundreds digit of g(h)?
1
Suppose 5*s + 59 = 4*r, 0*s + 27 = 3*r + 2*s. Suppose r*w - 1623 = 12138. What is the thousands digit of w?
1
Let k = 46 + -41. Suppose 4*n - k*u = 111, -4*n + 0*u = -u - 99. Suppose -113 = n*t - 25*t. What is the hundreds digit of t?
1
Let y(i) = -1049*i**3 - i**2 - 5*i - 39. What is the ten thousands digit of y(-3)?
2
Suppose 32178 = 28*x - 77638. What is the thousands digit of x?
3
Let r be 2/9 + 2 + (-3886)/(-9). Suppose l = -33 + r. What is the units digit of l?
1
Let c(j) = 35*j**2 - 172*j - 3246. What is the tens digit of c(-20)?
9
Let v(j) = 3*j**2 - 10*j - 30. Let m(u) = -u**2 - u. Let f(y) = 4*m(y) + v(y). Let a be f(-15). Let w = a + 65. What is the units digit of w?
0
Let u be 291/(-1) + (1 - (-3 - -3)). Let q = 776 + u. What is the hundreds digit of q?
4
Let x be ((-6)/8)/3 - 666/24. Let y = -16 - x. Suppose y = 3*a + a. What is the units digit of a?
3
Let t(l) = l**3 - 31*l**2 - 34*l - 236. What is the units digit of t(37)?
0
Let z be 132 + -138 + (-20)/(-2). Let p = -1 - -5. Suppose q - 3*y = -z*q + 156, 5*q + p*y = 177. What is the tens digit of q?
3
What is the tens digit of ((-618)/7)/((-1040)/(-1050) - 1)?
7
Let m = -39 + -30. Let h = m - -69. Suppose 45*u - 46*u + 140 = h. What is the hundreds digit of u?
1
What is the units digit of ((-378)/147)/(((-12)/(-6660))/(14/(-5)))?
6
Let w be ((-2)/6)/(17/(-4947)). Let s = w + 82. What is the units digit of s?
9
Let z = 92 + -29. Suppose 2*k = 3*k + z. What is the units digit of k*2/(-24)*128/3?
4
Suppose -2*f - 2*g = -874, 0 = f - 4*f - 5*g + 1317. Let x be 5/(10/(-1